5579 a prime number?
True
Is 2553291017 a prime number?
True
Is 775037917 a composite number?
True
Is 996666623 composite?
False
Is 24828627533 a prime number?
False
Is 15860331791 a prime number?
False
Is 818895563 composite?
False
Is 332961613 composite?
False
Is 16211228491 a prime number?
False
Is 1014013457 prime?
True
Is 32821187759 a composite number?
True
Is 23376421 composite?
True
Is 119442097 a prime number?
False
Is 351403831 composite?
True
Is 1191409 a prime number?
True
Is 3314602621 a composite number?
True
Is 3500858317 prime?
False
Is 1858733818 composite?
True
Is 13961281343 a prime number?
True
Is 12293229931 prime?
False
Is 9051104207 composite?
False
Is 2961597973 a composite number?
False
Is 614516797 composite?
False
Is 27213368489 a prime number?
True
Is 4701640871 a composite number?
True
Is 88305168431 a prime number?
True
Is 31462612255 a prime number?
False
Is 81649337711 composite?
False
Is 82949647487 a prime number?
False
Is 4423693801 prime?
True
Is 40007502287 prime?
False
Is 1033700027 a composite number?
False
Is 68189847799 a prime number?
True
Is 19788085217 composite?
False
Is 5165731897 a prime number?
False
Is 48867528649 a composite number?
False
Is 4382671339 a composite number?
False
Is 14849809427 a composite number?
False
Is 1380261899 a prime number?
True
Is 132339563189 prime?
False
Is 395366537 a prime number?
True
Is 19090586147 a composite number?
False
Is 504445297 a composite number?
True
Is 234898519 composite?
True
Is 47870338999 a prime number?
False
Is 9138909601 composite?
False
Is 8285858089 composite?
True
Is 4792902787 a composite number?
False
Is 1489483517 composite?
False
Is 199745107 a composite number?
False
Is 21132581 a prime number?
False
Is 114945179599 prime?
True
Is 410121070517 composite?
False
Is 413383613 a prime number?
True
Is 375022807 a composite number?
False
Is 2706266527 composite?
False
Is 27961508071 a composite number?
True
Is 24605385463 a prime number?
True
Is 550174147 prime?
True
Is 4446244819 prime?
False
Is 42034875167 a composite number?
True
Is 1302851677 prime?
True
Is 1929992329 a composite number?
False
Is 434104301 composite?
False
Is 8256916381 composite?
True
Is 124605781873 composite?
False
Is 98147947537 composite?
True
Is 15206737654 prime?
False
Is 1323881507 a prime number?
False
Is 2060948159 a composite number?
False
Is 981642223 a prime number?
True
Is 30583845973 a composite number?
True
Is 8229528973 composite?
False
Is 440682881 prime?
True
Is 1367340707 prime?
True
Is 111196271 a prime number?
True
Is 5101188803 prime?
False
Is 44804314253 a prime number?
True
Is 3756509729 composite?
True
Is 98709254555 prime?
False
Is 1325589019 composite?
True
Is 862020205 composite?
True
Is 74792292463 a composite number?
True
Is 67957704763 a composite number?
True
Is 220255979 composite?
False
Is 72223940137 prime?
True
Is 244023017 a prime number?
False
Is 4980180529 a composite number?
True
Is 78391808501 prime?
False
Is 20005615319 prime?
False
Is 3833118127 a prime number?
False
Is 43828493719 composite?
False
Is 24190180787 a prime number?
False
Is 179267701 a composite number?
True
Is 1784491147 composite?
False
Is 266703919 prime?
False
Is 11398353781 a prime number?
True
Is 439460779 prime?
True
Is 524138191 a composite number?
True
Is 44626488002 prime?
False
Is 15907498483 composite?
False
Is 7135829693 prime?
False
Is 5551815971 composite?
True
Is 68872906697 prime?
False
Is 4438726949 a prime number?
True
Is 17719374967 composite?
True
Is 2940188057 a composite number?
False
Is 532431751 a prime number?
True
Is 25425692953 a prime number?
False
Is 208886837609 composite?
False
Is 1875271351 a composite number?
True
Is 31416691 a prime number?
True
Is 10620784693 a prime number?
False
Is 8457706469 a composite number?
False
Is 27615321623 prime?
True
Is 8675198177 composite?
False
Is 14860522949 composite?
False
Is 134955542227 a composite number?
True
Is 10399417267 a prime number?
True
Is 117694235773 prime?
True
Is 10160232601 composite?
False
Is 25335257 prime?
True
Is 167711640722 a prime number?
False
Is 319980523 composite?
True
Is 80288923303 composite?
False
Is 5419275991 composite?
True
Is 4329481391 a prime number?
False
Is 54342948299 a prime number?
False
Is 6971688443 prime?
True
Is 83250509 a composite number?
False
Is 1277843837 composite?
True
Is 22016564449 a composite number?
True
Is 8043501517 prime?
True
Is 3276803741 composite?
True
Is 30933791081 composite?
False
Is 32508204671 a composite number?
False
Is 15142573949 prime?
False
Is 132981590561 composite?
True
Is 23500228319 prime?
False
Is 2890077287 prime?
True
Is 8476976731 composite?
False
Is 1648285909 a composite number?
True
Is 1145021503 composite?
True
Is 65946476399 a prime number?
True
Is 6265323829 composite?
False
Is 335196234233 a composite number?
True
Is 78647425243 a prime number?
True
Is 41319251 a prime number?
False
Is 25773387787 prime?
False
Is 14639146841 a prime number?
False
Is 553380539 a prime number?
True
Is 23619977581 prime?
False
Is 848781053 a prime number?
False
Is 5332696453 composite?
True
Is 13070442097 composite?
False
Is 16674059111 a composite number?
True
Is 1019887937 composite?
False
Is 329771843 composite?
False
Is 439336111 a composite number?
False
Is 6693533411 composite?
True
Is 7051446637 composite?
False
Is 13754204741 a prime number?
False
Is 13849115387 composite?
True
Is 49339325549 a prime number?
False
Is 13250060483 a composite number?
True
Is 2096827141 a prime number?
False
Is 481658183 prime?
False
Is 290365605709 a prime number?
True
Is 1258302197 composite?
True
Is 371384659 a prime number?
False
Is 12283369633 composite?
False
Is 44612286659 prime?
False
Is 145068011 a composite number?
True
Is 250025956943 a prime number?
False
Is 273134077 prime?
True
Is 1135267531 a composite number?
True
Is 412412023 a composite number?
True
Is 5393976823 a prime number?
False
Is 100979226379 a prime number?
True
Is 307702149 a composite number?
True
Is 80901043 composite?
False
Is 8729028151 a composite number?
False
Is 1239705889 a composite number?
True
Is 86860324013 a prime number?
True
Is 5545710483 composite?
True
Is 498841351 prime?
False
Is 4192029613 composite?
False
Is 9862244933 composite?
False
Is 141168449 prime?
True
Is 519289697 a composite number?
True
Is 24389500633 composite?
True
Is 3018899267 prime?
False
Is 1107796427 a composite number?
True
Is 62833532621 a composite number?
False
Is 94753289 prime?
False
Is 315839219 composite?
False
Is 34391969167 composite?
False
Is 30191447499 a prime number?
False
Is 1760071267 a composite number?
True
Is 5291717099 composite?
True
Is 16001317573 composite?
False
Is 1342735591 composite?
False
Is 1599675541 a composite number?
False
Is 14723065069 a composite number?
True
Is 10597540298 a prime number?
False
Is 536826259 prime?
True
Is 29080630417 composite?
False
Is 276902189 composite?
True
Is 917444153 a composite number?
False
Is 4958572369 prime?
False
Is 11138873 composite?
True
Is 15567769853 prime?
True
Is 94525981915 prime?
False
Is 433772074 prime?
False
Is 15528345815 prime?
False
Is 872493331 a prime number?
False
Is 7101729087 a composite number?
True
Is 2636198819 prime?
True
Is 5585994565 a prime number?
False
Is 39327341 a prime number?
False
Is 114269033453 composite?
False
Is 15887553685 prime?
False
Is 324015829 composite?
True
Is 66845027 a prime number?
True
Is 101464320109 a prime number?
True
Is 14379817637 a composite number?
False
Is 141170569 composite?
False
Is 610056311 a composite number?
True
Is 8465465269 a prime number?
True
Is 1027534681 a prime number?
True
Is 3267918877 prime?
True
Is 198375011 composite?
True
Is 401014807 a prime number?
True
Is 2190997933 prime?
False
Is 114011955271 a prime number?
False
Is 2152935361 a prime number?
False
Is 516725743 a prime number?
True
Is 1594746281 a composite number?
True
Is 339618731 a prime number?
True
Is 57407562283 prime?
False
Is 10082474873 a prime number?
True
Is 14432421217 prime?
False
Is 1261033 a prime number?
True
Is 983832391 a composite number?
False
Is 188560864117 a composite number?
False
Is 2496012907 a composite number?
False
Is 5178568029 composite?